-116 - j. List the prime factors of n.
2, 5
Suppose m = 3*y - 6245, 4*m - 41 + 25 = 0. What are the prime factors of y?
2083
Suppose 42*u - 21357 = 7119. List the prime factors of u.
2, 3, 113
Let j be (4/8)/((-4)/(-16)). Suppose -j*r + 164 = 22. What are the prime factors of r?
71
List the prime factors of (-3)/((42/380)/(-7)).
2, 5, 19
Suppose -5131 = -28*u + 25*u - 5*z, -2*z + 5125 = 3*u. What are the prime factors of u?
3, 569
Let j = -10 + 13. Let a(c) = -c**2 + 5*c - 5. Let p be a(j). Let s = p + 35. List the prime factors of s.
2, 3
What are the prime factors of (-1756)/6*72/(-15 - -3)?
2, 439
Let b(l) = -l + 6. Let d be b(6). Let k(n) = -29*n + 483. Let s be k(7). Suppose d = 9*p - 2*p - s. List the prime factors of p.
2, 5
Let i(f) = -f**2 - 12*f - 13. Let x be i(-10). Suppose x*q = -3*q + 410. What are the prime factors of q?
41
Suppose -2*s + 306 = -238. List the prime factors of s.
2, 17
Let m = 5 - 10. Let f(n) = -n**3 + n + 1. Let g(w) = -6*w**2 - 9*w - 5. Let p(z) = f(z) + g(z). List the prime factors of p(m).
11
Let m = -16 + 4. Let l be m*((-4)/16 + -1). Let d(t) = -t**3 + 15*t**2 + 4*t - 13. List the prime factors of d(l).
47
Suppose -36*q + 9447 = -14637. List the prime factors of q.
3, 223
Let m = 108 + 106. What are the prime factors of m?
2, 107
Suppose 4*r - 85 = d, -4*d - 16 = -2*r + 16. Let z(v) = -9*v**2 + 5*v**2 - 22*v - r + 3*v**2. What are the prime factors of z(-15)?
83
Suppose 0 = -2*a + 2*r + 862, 3*a + 0*a - 5*r = 1303. Suppose 0 = 23*l - 17*l - a. List the prime factors of l.
71
Let n be 1*3*(2 + -3). Let l = n + 11. What are the prime factors of 3 - 1/((-2)/l)?
7
Let c = -61 - -68. List the prime factors of -1 + c/4 + (-3250)/(-104).
2
Let k be ((-1)/(-3))/((-1)/237). Let s = 133 + k. What are the prime factors of s?
2, 3
What are the prime factors of 86*((-493)/(-2))/17?
29, 43
List the prime factors of (7 + 0)*5928/84.
2, 13, 19
Let l be 10/35 + (-2325)/(-21). Let q = l + -62. What are the prime factors of q?
7
Let z be ((-234)/(-7))/(((-18)/(-42))/3). What are the prime factors of z/12*92/6?
13, 23
Let p(k) be the second derivative of -k**3/6 + 5*k**2 + k. Let d be p(7). Suppose -5*a + d*w + 55 = -59, 27 = a - 2*w. List the prime factors of a.
3, 7
Suppose 5*u - u = -132. What are the prime factors of 32/(-12)*u/4?
2, 11
Suppose -9*n - 17 - 19 = 0. What are the prime factors of (n - -25)*6/9?
2, 7
Suppose r + 82 = 5*x - 0*r, x - 22 = 3*r. Suppose -a - a = -x. What are the prime factors of a?
2
Let r(p) = -p**2 + 10*p - 14. Let n be r(7). Suppose 82 = n*q - 6*q - i, -4*i - 415 = -5*q. List the prime factors of q.
3, 29
Let i be 24/(-56) + (-54)/21. List the prime factors of (i - 30/(-3))*2.
2, 7
Let t(g) be the second derivative of -1/20*g**5 + 0*g**3 + 3/4*g**4 + 0 - 13*g + 6*g**2. What are the prime factors of t(9)?
2, 3
Let r = 1 - -23. Suppose -v + r = 3*v. Suppose -4*z - 41 + v = -c, 40 = 2*c + 2*z. List the prime factors of c.
23
Suppose n = 5*n - 4*q, 0 = -2*n - q + 6. Suppose 0*x + 5*x + 95 = v, -n*x = -v + 80. List the prime factors of v.
2, 5, 7
Suppose -4*m - m - 105 = 0. Let b = -14 - m. Let q = b + 3. What are the prime factors of q?
2, 5
Let u(l) = l**2 + 16*l - 25. Let x be u(-21). Let k = -54 + x. What are the prime factors of k?
2, 13
Let n(c) = 46*c**2 + 3*c + c**3 - 38*c**2 - 3 - 2*c**3 - 9*c. What are the prime factors of n(5)?
2, 3, 7
Let p = -49 - -3109. What are the prime factors of p?
2, 3, 5, 17
Suppose 28*w - 56*w = -49196. What are the prime factors of w?
7, 251
Let d be (-6 - -7)/((-2)/(-760)). Suppose -4*r = 4*l - d, l - 3*l = -r + 83. What are the prime factors of r?
7, 13
Suppose -5*g - 2*q = 3*q + 290, 4*q - 216 = 4*g. Let y = g - -33. What are the prime factors of (y*1)/(3/(-9))?
3, 23
Suppose 4*r - 3*k = 5, 4*r - 3*k = r. Suppose 0 = x - 2*x - r, v = -x + 32. Let a = v + -15. List the prime factors of a.
2, 11
Let f(t) = 2*t**2 - 2*t + 1. Let v = -59 - -82. Let h = -25 + v. List the prime factors of f(h).
13
Suppose 15*d - 552 = 13*d. Suppose -a - 2*a = -z - 285, 3*a = 4*z + d. What are the prime factors of a?
2, 3
Let r(f) = 0*f - 12 - 4*f + 2*f + 4*f. Let z be r(9). Suppose z + 9 = v. What are the prime factors of v?
3, 5
Let y be (-3 + 0)/((-1)/9). Suppose -2*n + 5*q + y = -0*n, 4*q + 12 = 0. What are the prime factors of (-1200)/(-18) - n/9?
2, 3, 11
Let h(i) = 91*i - 2. Let p be h(2). What are the prime factors of p/35*(2 - -5)?
2, 3
Suppose 72 = -4*t - 4*o, -t + o = -2 + 16. Let i = 90 - t. What are the prime factors of i?
2, 53
Let a = 108 - -79. What are the prime factors of a?
11, 17
Suppose -87*w = -76*w - 34078. List the prime factors of w.
2, 1549
Suppose -q = -4*w - 788, -2*q + 400 = -2*w - 0*q. List the prime factors of (w/(-56))/(2/4 + 0).
7
Suppose 0 = 4*p - 4*z - 7128, -3*p - 4*z + 1064 + 4275 = 0. What are the prime factors of p?
13, 137
Suppose -2*k + 1 = -5. Let m(g) = 4*g - 5. What are the prime factors of m(k)?
7
Suppose -3*p + 235 = -4*p. Let g = p + 431. What are the prime factors of g?
2, 7
Suppose -4*c = -c + 240. What are the prime factors of 3/9 + c/(-12)?
7
Let f(d) = 10*d**3 + d**2 - 8*d + 42. What are the prime factors of f(4)?
2, 3, 37
Suppose -8*q + 9 = -5*q. Suppose q*a - 2*a = 66. What are the prime factors of a?
2, 3, 11
Suppose 8*m = 12*m + 24. What are the prime factors of -3 - 74/(-4) - (-3)/m?
3, 5
Let p(h) be the second derivative of h**5/30 + 17*h**4/24 - h**3 + h. Let q(n) be the second derivative of p(n). What are the prime factors of q(5)?
37
Suppose -2*c + 1286 - 482 = 0. List the prime factors of c.
2, 3, 67
Suppose 10*t + 2*d = 8*t + 7818, -2*t = 3*d - 7813. What are the prime factors of t?
2, 19, 103
Let t = 3639 + -2137. What are the prime factors of t?
2, 751
Let h(t) = 3*t**3 + 9*t**2 - 18. Let y be h(7). Suppose -6*p = -12*p + y. List the prime factors of p.
2, 11
Suppose 4*z - 88 = 4*f, 4*f = -5*z - f + 90. Let u = z - 7. Suppose -u - 83 = -4*t. List the prime factors of t.
2, 3
Let g(d) = 4*d**3 - d**2 - 16. What are the prime factors of g(5)?
3, 17
Suppose 3*g = c + 1, -8 = -4*c + 4*g - 4. List the prime factors of c*109 - (13 - 15).
2, 5, 11
Let o = -760 - -858. List the prime factors of o.
2, 7
Let p(f) = f + 12. Let c be p(-6). Let o(y) = 19*y - 3. Let k be o(c). Suppose -2*n + k = n. List the prime factors of n.
37
Let p = -11 + 20. Let k(t) = t**3 - 7*t**2 - 12*t + 8. Let g be k(p). Suppose -f = 5*l - g, 0 = 5*f - 3*l - 64 - 134. List the prime factors of f.
2, 3, 7
Let q(k) = k**3 - 21*k**2 + 51*k + 4. What are the prime factors of q(20)?
2, 3, 13
Let u(w) = 27*w**2 - 5*w - 273. What are the prime factors of u(-11)?
3049
Suppose 0 = -f + 11 - 71. List the prime factors of (f/8)/((-3)/6).
3, 5
Suppose -2*n - 3*w - 28 = -2*w, 0 = 2*n + 3*w + 32. Suppose -19 = -l - 0. Let h = n + l. What are the prime factors of h?
2, 3
Suppose 8*h = 25*h - 153. What are the prime factors of h?
3
What are the prime factors of (-8 + -2)/(-2)*11?
5, 11
Suppose 8*x + 3809 - 9617 = 0. What are the prime factors of x?
2, 3, 11
Let x = 28 - 11. Let j = -13 - x. Let f = 57 + j. List the prime factors of f.
3
Let z = -648 + 1506. What are the prime factors of z?
2, 3, 11, 13
Let k be -1*(22 + -1)/(-3). Let v(m) = m**2 + 3*m - 20. Let q be v(k). Suppose -3*c = g - 42, g = 2*c - c + q. List the prime factors of g.
2, 3
Let y(f) = -f**2 + 4*f + 1. Let a be y(5). Let g(x) = -5 - 11 + 16 + 2*x**2 - 4*x. List the prime factors of g(a).
2, 3
What are the prime factors of ((-16830)/(-20))/(-17)*44/(-3)?
2, 3, 11
Suppose -25 = 5*h + 2*l, -3*h = -5*h + 4*l - 34. Let v(b) = -b**3 - 7*b**2 - 3*b - 10. Let n be v(h). Let g = 9 + n. What are the prime factors of g?
2, 5
What are the prime factors of ((-3)/6)/(((-7)/(-41412))/(-1))?
2, 3, 17, 29
Let l be (-30)/(-135) + 0 + (-88)/(-9). List the prime factors of 6*(-6)/9 - (l - 304).
2, 5, 29
Let j(i) = -i**3 + 13*i**2 + 4*i - 3. Let a be j(10). Suppose -d + 2 = d, 5*d = -4*x + a. List the prime factors of x.
83
Suppose -7*f - 6720 = -19*f. List the prime factors of f.
2, 5, 7
Let d(m) = 357*m**2 + 7*m + 14. What are the prime factors of d(-2)?
2, 3, 7, 17
What are the prime factors of ((-116)/2)/((-92)/1288)?
2, 7, 29
Suppose -5*k = 4*b - 2279 - 5225, -k = 0. List the prime factors of b.
2, 7, 67
Let 